{"id":106,"date":"2026-02-26T15:41:31","date_gmt":"2026-02-26T15:41:31","guid":{"rendered":"https:\/\/wikidati.fr\/?page_id=106"},"modified":"2026-03-18T11:56:38","modified_gmt":"2026-03-18T11:56:38","slug":"les-chiffres","status":"publish","type":"page","link":"https:\/\/wikidati.fr\/index.php\/les-chiffres\/","title":{"rendered":"Les chiffres"},"content":{"rendered":"\n<div class=\"wp-block-group\"><div class=\"wp-block-group__inner-container is-layout-constrained wp-block-group-is-layout-constrained\">\n<blockquote class=\"wp-block-quote is-layout-flow wp-block-quote-is-layout-flow\">\n<p class=\"has-text-align-left\"><strong>4<\/strong> <strong>proc\u00e9dures judiciaires<\/strong> distinctes et toujours en cours qui visent Rachida Dati :<\/p>\n<\/blockquote>\n\n\n\n<ol class=\"wp-block-list\">\n<li>Une <a href=\"https:\/\/www.lemonde.fr\/societe\/article\/2025\/09\/16\/pourquoi-rachida-dati-est-visee-par-une-enquete-preliminaire-pour-non-declaration-a-la-haute-autorite-pour-la-transparence-de-la-vie-publique_6641405_3224.html\">enqu\u00eate pr\u00e9liminaire<\/a> ouverte le 16 septembre 2025 par le parquet de Paris, et confi\u00e9e \u00e0 la brigade financi\u00e8re et anticorruption (BFAC), pour d\u00e9lit d&#8217;omission de d\u00e9claration de patrimoine \u00e0 la Haute autorit\u00e9 pour la transparence de la vie publique (HATVP), dans le cadre de l\u2019affaire des bijoux.<\/li>\n\n\n\n<li>Un <a href=\"https:\/\/www.lemonde.fr\/societe\/article\/2025\/09\/29\/le-proces-de-rachida-dati-pour-corruption-et-trafic-d-influence-prevu-du-16-au-28-septembre-2026-apres-les-elections-municipales_6643459_3224.html\">proc\u00e8s en correctionnelle<\/a> \u00e0 venir entre le 16 et 28 septembre au Tribunal de Paris. Rachida Dati y sera jug\u00e9e pour les d\u00e9lits de recel d\u2019abus de pouvoir et d\u2019abus de confiance, corruption et trafic d\u2019influence passifs.<\/li>\n\n\n\n<li>Une <a href=\"https:\/\/www.lemonde.fr\/societe\/article\/2025\/12\/18\/rachida-dati-ministre-de-la-culture-et-candidate-a-la-mairie-de-paris-fait-l-objet-de-perquisitions-dans-le-cadre-d-une-information-judiciaire-pour-corruption_6658555_3224.html\">information judiciaire<\/a> ouverte le 14 octobre 2025 par le Parquet national financier pour corruption active et passive, trafic d\u2019influence, d\u00e9tournement de fonds, et recel et blanchiment de ces d\u00e9lits en lien avec l\u2019exercice du mandat de parlementaire europ\u00e9enne, dans le cadre de l\u2019affaire des activit\u00e9s professionnelles annexes (hors Renault-Nissan) au mandat d\u2019eurod\u00e9put\u00e9e de Rachida Dati.<\/li>\n\n\n\n<li>Rachida Dati est <a href=\"https:\/\/www.liberation.fr\/politique\/poursuivie-pour-diffamation-par-rachida-dati-aurelie-filippetti-relaxee-20250703_ZYCNBQDCR5HTRMI3DPLCWOC6YE\/?redirected=0406\">condamn\u00e9e<\/a> le 3 juillet 2025 \u00e0 2000 euros d\u2019amendes pour proc\u00e9dure abusive par le tribunal judiciaire de Paris, apr\u00e8s un proc\u00e8s en diffamation qu\u2019elle avait intent\u00e9 contre l\u2019ex-ministre socialiste Aur\u00e9lie Filippetti qui avait \u00e9voqu\u00e9 ses liens avec l\u2019Azerba\u00efdjan. Rachida Dati a annonc\u00e9 faire appel de ce jugement qui n\u2019est donc pas d\u00e9finitif.<\/li>\n<\/ol>\n<\/div><\/div>\n\n\n\n<div class=\"wp-block-group\"><div class=\"wp-block-group__inner-container is-layout-constrained wp-block-group-is-layout-constrained\">\n<blockquote class=\"wp-block-quote is-layout-flow wp-block-quote-is-layout-flow\">\n<p><strong>3<\/strong> <strong>perquisitions <\/strong>ont eu lieu depuis 2019 \u00e0 la mairie du 7\u00e8me arrondissement et au domicile du Rachida Dati :<\/p>\n<\/blockquote>\n\n\n\n<ol class=\"wp-block-list\">\n<li>Le 23 octobre 2019 : <a href=\"https:\/\/france3-regions.franceinfo.fr\/paris-ile-de-france\/paris\/bureau-domicile-rachida-dati-perquisitionnes-paris-cadre-affaire-carlos-ghosn-1740345.html\">perquisitions <\/a>dans le cadre de l\u2019affaire Renault-Nissan<\/li>\n\n\n\n<li>Le 27 juin 2023 : <a href=\"https:\/\/www.lemonde.fr\/societe\/article\/2023\/06\/27\/perquisition-a-la-mairie-du-7-arrondissement-de-paris-dirigee-par-rachida-dati-et-dans-plusieurs-cabinets-d-avocats_6179454_3224.html\">perquisitions <\/a>dans le cadre de l\u2019affaire Tayeb Benabderrahmane<\/li>\n\n\n\n<li>Le 18 d\u00e9cembre 2025 : <a href=\"https:\/\/www.lemonde.fr\/societe\/article\/2025\/12\/18\/rachida-dati-ministre-de-la-culture-et-candidate-a-la-mairie-de-paris-fait-l-objet-de-perquisitions-dans-le-cadre-d-une-information-judiciaire-pour-corruption_6658555_3224.html\">perquisitions <\/a>dans le cadre de l\u2019affaire des autres activit\u00e9s professionnelles annexes de son mandat d\u2019eurod\u00e9put\u00e9e (Qatar, Orange, GDF-Suez, Azerba\u00efdjan)&nbsp;<\/li>\n<\/ol>\n<\/div><\/div>\n\n\n\n<div class=\"wp-block-group\"><div class=\"wp-block-group__inner-container is-layout-constrained wp-block-group-is-layout-constrained\">\n<blockquote class=\"wp-block-quote is-layout-flow wp-block-quote-is-layout-flow\">\n<p><strong>3,1 millions d&#8217;euros <\/strong>de revenus annexes qui pourraient constituer des pots de vins :<\/p>\n<\/blockquote>\n\n\n\n<ul class=\"wp-block-list\">\n<li><a href=\"https:\/\/www.lemonde.fr\/societe\/article\/2025\/12\/18\/rachida-dati-ministre-de-la-culture-et-candidate-a-la-mairie-de-paris-fait-l-objet-de-perquisitions-dans-le-cadre-d-une-information-judiciaire-pour-corruption_6658555_3224.html\">1 100 000 euros d\u2019Alpha One Partners<\/a> (potentiellement en provenance du Qatar et\/ou de l\u2019Azerba\u00efdjan)<\/li>\n\n\n\n<li><a href=\"https:\/\/www.franceinfo.fr\/politique\/rachida-dati\/enquete-france-2-dati-honoraire-gdf-suez-les-troublants-paiements-recus-par-rachida-dati-d-un-cabinet-d-avocats_7291545.html\">299 000 euros<\/a> de GDF-Suez<\/li>\n\n\n\n<li><a href=\"https:\/\/www.lemonde.fr\/societe\/article\/2025\/07\/22\/vers-un-proces-pour-carlos-ghosn-et-rachida-dati-rattrapes-par-l-affaire-renault_6622991_3224.html\">900 000 euros<\/a> de Renault-Nissan<\/li>\n\n\n\n<li><a href=\"https:\/\/www.liberation.fr\/societe\/police-justice\/de-laffaire-renault-au-contrat-orange-rachida-dati-une-ministre-pas-tiree-daffaires-20240422_LH2THSF7VFHVNPKNBBZQUY4ZBM\/?redirected=1225\">800 000 euros<\/a> d\u2019Orange&nbsp;<\/li>\n<\/ul>\n<\/div><\/div>\n\n\n\n<div class=\"wp-block-group\"><div class=\"wp-block-group__inner-container is-layout-constrained wp-block-group-is-layout-constrained\">\n<blockquote class=\"wp-block-quote is-layout-flow wp-block-quote-is-layout-flow\">\n<p><strong>11 proc\u00e9dures baillons<\/strong> au moins initi\u00e9es par Rachida Dati depuis 2008 contre des m\u00e9dias ou citoyens qui ont \u00e9voqu\u00e9 publiquement ses affaires (dont une proc\u00e9dure initi\u00e9e contre ce site le jour de son lancement)<\/p>\n<\/blockquote>\n<\/div><\/div>\n\n\n\n<div class=\"wp-block-group\"><div class=\"wp-block-group__inner-container is-layout-constrained wp-block-group-is-layout-constrained\">\n<blockquote class=\"wp-block-quote is-layout-flow wp-block-quote-is-layout-flow\">\n<p><strong>420 000 euros<\/strong> de bijoux <a href=\"https:\/\/www.liberation.fr\/societe\/police-justice\/de-laffaire-renault-au-contrat-orange-rachida-dati-une-ministre-pas-tiree-daffaires-20240422_LH2THSF7VFHVNPKNBBZQUY4ZBM\/?redirected=1225\">potentiellement non d\u00e9clar\u00e9s<\/a><\/p>\n<\/blockquote>\n<\/div><\/div>\n\n\n\n<p><\/p>\n","protected":false},"excerpt":{"rendered":"<p>4 proc\u00e9dures judiciaires distinctes et toujours en cours qui visent Rachida Dati : 3 perquisitions ont eu lieu depuis 2019 \u00e0 la mairie du 7\u00e8me arrondissement et au domicile du Rachida Dati : 3,1 millions d&#8217;euros de revenus annexes qui pourraient constituer des pots de vins : 11 proc\u00e9dures baillons au moins initi\u00e9es par Rachida &#8230; <a title=\"Les chiffres\" class=\"read-more\" href=\"https:\/\/wikidati.fr\/index.php\/les-chiffres\/\" aria-label=\"Read more about Les chiffres\">Read more<\/a><\/p>\n","protected":false},"author":1,"featured_media":0,"parent":0,"menu_order":0,"comment_status":"closed","ping_status":"closed","template":"","meta":{"footnotes":""},"class_list":["post-106","page","type-page","status-publish"],"_links":{"self":[{"href":"https:\/\/wikidati.fr\/index.php\/wp-json\/wp\/v2\/pages\/106","targetHints":{"allow":["GET"]}}],"collection":[{"href":"https:\/\/wikidati.fr\/index.php\/wp-json\/wp\/v2\/pages"}],"about":[{"href":"https:\/\/wikidati.fr\/index.php\/wp-json\/wp\/v2\/types\/page"}],"author":[{"embeddable":true,"href":"https:\/\/wikidati.fr\/index.php\/wp-json\/wp\/v2\/users\/1"}],"replies":[{"embeddable":true,"href":"https:\/\/wikidati.fr\/index.php\/wp-json\/wp\/v2\/comments?post=106"}],"version-history":[{"count":11,"href":"https:\/\/wikidati.fr\/index.php\/wp-json\/wp\/v2\/pages\/106\/revisions"}],"predecessor-version":[{"id":208,"href":"https:\/\/wikidati.fr\/index.php\/wp-json\/wp\/v2\/pages\/106\/revisions\/208"}],"wp:attachment":[{"href":"https:\/\/wikidati.fr\/index.php\/wp-json\/wp\/v2\/media?parent=106"}],"curies":[{"name":"wp","href":"https:\/\/api.w.org\/{rel}","templated":true}]}}