{"id":105,"date":"2026-02-26T15:41:31","date_gmt":"2026-02-26T15:41:31","guid":{"rendered":"https:\/\/wikidati.fr\/?page_id=105"},"modified":"2026-02-28T09:21:18","modified_gmt":"2026-02-28T09:21:18","slug":"a-propos-2","status":"publish","type":"page","link":"https:\/\/wikidati.fr\/index.php\/a-propos-2\/","title":{"rendered":"A propos"},"content":{"rendered":"\n<h2 class=\"wp-block-heading\">Pourquoi cr\u00e9er une encyclop\u00e9die des affaires visant Rachida Dati ?<\/h2>\n\n\n\n<div class=\"wp-block-group\"><div class=\"wp-block-group__inner-container is-layout-constrained wp-block-group-is-layout-constrained\">\n<p>Wikidati.fr est un projet citoyen ayant pour objectif la diffusion des informations sur les \u201caffaires\u201d visant Rachida Dati aupr\u00e8s des citoyennes et citoyens de la ville de Paris, alors que cette derni\u00e8re y est candidate aux \u00e9lections municipales. En effet, si le grand public a g\u00e9n\u00e9ralement la connaissance de l\u2019existence d\u2019accusations graves la visant, il reste difficile de s\u2019y retrouver parmi ces derni\u00e8res tant le nombre d\u2019articles de presse consacr\u00e9s \u00e0 ses affaires est grand et parfois uniquement accessible aux abonn\u00e9s. Wikidati propose de synth\u00e9tiser et partager largement le remarquable travail d&#8217;investigation men\u00e9 ces derni\u00e8res ann\u00e9es par des journalistes, mais aussi par des ONG ou lanceurs d\u2019alerte, qui ont d\u00fb subir en repr\u00e9sailles des proc\u00e9dures-baillons initi\u00e9es par Rachida Dati pour les faire taire.<\/p>\n\n\n\n<p>Si Rachida Dati r\u00e9ussit jusqu\u2019\u00e0 pr\u00e9sent \u00e0 esquiver toutes les cons\u00e9quences politiques des accusations qui la vise, c&#8217;est gr\u00e2ce \u00e0 la logique tr\u00e8s particuli\u00e8re qui\u00a0dirige le champ de la responsabilit\u00e9 politique, tr\u00e8s diff\u00e9rente de la logique de la responsabilit\u00e9 p\u00e9nale. Par exemple, si on compare sur le plan p\u00e9nal la situation d\u2019Eva Kaili, ex-vice-pr\u00e9sidente du Parlement europ\u00e9en impliqu\u00e9e dans le Qatargate, et celle de Rachida Dati, il n\u2019y a aucune diff\u00e9rence de nature. Les deux sont soup\u00e7onn\u00e9es d\u2019avoir obtenu des pots-de-vin, jusqu&#8217;\u00e0 878 355 euros pour Eva Kaili, jusqu&#8217;\u00e0 3,1 millions d\u2019euros pour Rachida Dati, en \u00e9change de d\u00e9cisions publiques favorables en tant qu\u2019eurod\u00e9put\u00e9e. Pour Eva Kaili, cela aurait b\u00e9n\u00e9fici\u00e9 au Qatar, au Maroc et \u00e0 la Mauritanie, pour Rachida Dati cela aurait b\u00e9n\u00e9fici\u00e9 au Qatar, \u00e0 l\u2019Azerba\u00efdjan, \u00e0 Engie, \u00e0 Renault-Nissan et \u00e0 Orange. Les deux b\u00e9n\u00e9ficient de la pr\u00e9somption d\u2019innocence dans l\u2019attente de leur proc\u00e8s. Pourtant, Eva Kaili a \u00e9t\u00e9 d\u00e9chue de sa vice-pr\u00e9sidence d\u00e8s le lendemain de la perquisition de son domicile en d\u00e9cembre 2022, tandis que Rachida Dati a \u00e9t\u00e9 perquisitionn\u00e9e 3 fois depuis 2019, et promue dans le m\u00eame temps au Gouvernement. En r\u00e9alit\u00e9, la seule diff\u00e9rence entre ces affaires est visuelle\u00a0: une photo de valise de billets est bien plus choquante pour l&#8217;opinion qu&#8217;une photo de facture d&#8217;avocat.<\/p>\n\n\n\n<p>Il existe \u00e9galement une autre grande r\u00e8gle informelle du champ politique : plus les accusations sont graves et complexes, moins elles ont de cons\u00e9quences politiques car il est plus facile de brouiller les pistes aupr\u00e8s du grand public. Par exemple, en 2019, le ministre de la Transition \u00e9cologique Fran\u00e7ois de Rugy a \u00e9t\u00e9 contraint politiquement \u00e0 la d\u00e9mission du Gouvernement suite \u00e0 \u201cl\u2019affaire des homards\u201d alors m\u00eame que cette derni\u00e8re ne donnera lieu \u00e0 aucune proc\u00e9dure judiciaire et que les montants en jeu \u00e9taient relativement faibles (1800 euros). Cette d\u00e9mission est \u00e0 mettre en perspective avec le maintien au Gouvernement de Rachida Dati en 2025 malgr\u00e9 l\u2019annonce de son renvoi en proc\u00e8s en septembre 2026 o\u00f9 elle sera jug\u00e9e notamment pour d\u00e9lit de corruption et trafic d\u2019influence, avec un potentiel pot-de-vin per\u00e7u d\u2019un montant de 900 000 euros dans cette affaire Renault-Nissan. Et il ne s\u2019agit que d\u2019une proc\u00e9dure judiciaire parmi les 5 qui la visent actuellement.<\/p>\n\n\n\n<p>Si Rachida Dati b\u00e9n\u00e9ficie \u00e9videmment de la pr\u00e9somption d\u2019innocence sur le plan judiciaire, il est important de rappeler que sur le plan politique, chaque \u00e9lecteur et \u00e9lectrice est libre de prendre en compte dans sa d\u00e9cision de vote des accusations \u00e9tay\u00e9es qui remettent en cause la probit\u00e9 et l&#8217;\u00e9thique d&#8217;un candidat ou d&#8217;une candidate, m\u00eame en l\u2019absence de condamnation judiciaire d\u00e9finitive.<\/p>\n\n\n\n<p>Enfin, d\u2019autres affaires relev\u00e9es par Wikidati n\u2019ont fait l\u2019objet d\u2019aucune proc\u00e9dure judiciaire pour l\u2019instant. Mais elles sont mentionn\u00e9es car elles remettent en cause directement l\u2019\u00e9thique personnelle de Rachida Dati, souvent en totale contradiction avec les combats politiques qu\u2019elle pr\u00e9tend incarner. <\/p>\n<\/div><\/div>\n\n\n\n<p><strong>Contact <\/strong>: contact@wikidati.fr<\/p>\n\n\n\n<p><\/p>\n","protected":false},"excerpt":{"rendered":"<p>Pourquoi cr\u00e9er une encyclop\u00e9die des affaires visant Rachida Dati ? Wikidati.fr est un projet citoyen ayant pour objectif la diffusion des informations sur les \u201caffaires\u201d visant Rachida Dati aupr\u00e8s des citoyennes et citoyens de la ville de Paris, alors que cette derni\u00e8re y est candidate aux \u00e9lections municipales. En effet, si le grand public a &#8230; <a title=\"A propos\" class=\"read-more\" href=\"https:\/\/wikidati.fr\/index.php\/a-propos-2\/\" aria-label=\"Read more about A propos\">Read more<\/a><\/p>\n","protected":false},"author":1,"featured_media":0,"parent":0,"menu_order":0,"comment_status":"closed","ping_status":"closed","template":"","meta":{"footnotes":""},"class_list":["post-105","page","type-page","status-publish"],"_links":{"self":[{"href":"https:\/\/wikidati.fr\/index.php\/wp-json\/wp\/v2\/pages\/105","targetHints":{"allow":["GET"]}}],"collection":[{"href":"https:\/\/wikidati.fr\/index.php\/wp-json\/wp\/v2\/pages"}],"about":[{"href":"https:\/\/wikidati.fr\/index.php\/wp-json\/wp\/v2\/types\/page"}],"author":[{"embeddable":true,"href":"https:\/\/wikidati.fr\/index.php\/wp-json\/wp\/v2\/users\/1"}],"replies":[{"embeddable":true,"href":"https:\/\/wikidati.fr\/index.php\/wp-json\/wp\/v2\/comments?post=105"}],"version-history":[{"count":7,"href":"https:\/\/wikidati.fr\/index.php\/wp-json\/wp\/v2\/pages\/105\/revisions"}],"predecessor-version":[{"id":174,"href":"https:\/\/wikidati.fr\/index.php\/wp-json\/wp\/v2\/pages\/105\/revisions\/174"}],"wp:attachment":[{"href":"https:\/\/wikidati.fr\/index.php\/wp-json\/wp\/v2\/media?parent=105"}],"curies":[{"name":"wp","href":"https:\/\/api.w.org\/{rel}","templated":true}]}}